{"id":777,"date":"2018-01-17T06:24:47","date_gmt":"2018-01-17T06:24:47","guid":{"rendered":"http:\/\/victorthemes.com\/themes\/unova\/?page_id=777"},"modified":"2019-03-29T23:33:02","modified_gmt":"2019-03-30T02:33:02","slug":"contato","status":"publish","type":"page","link":"https:\/\/agencialebrun.com.br\/?page_id=777","title":{"rendered":"Fale conosco"},"content":{"rendered":"<div class=\"wpb-content-wrapper\"><p>[vc_row overlay_dotted=&#8221;&#8221; css=&#8221;.vc_custom_1553913180291{margin-bottom: 0px !important;padding-top: 5% !important;padding-bottom: 70px !important;}&#8221;][vc_column width=&#8221;1\/2&#8243; css=&#8221;.vc_custom_1516170689988{padding-bottom: 0px !important;}&#8221;][vc_column_text]Lebrun &#8211; Intelig\u00eancia Estrat\u00e9gica<br \/>\nSuarez Trade<br \/>\nAvenida Tancredo Neves, 450, 16\u00ba andar, Caminho das \u00c1rvores<br \/>\nSalvador-BA CEP 41820-020<\/p>\n<p>Celular: (71) 99972-0909<br \/>\nTelefone: (71) 3105-0909<br \/>\nEmail: contato@agencialebrun.com[\/vc_column_text]<div class=\"unva-contact-form unva-contact-6a058520cac6a contact-box-one\">\n<div class=\"wpcf7 no-js\" id=\"wpcf7-f17-o1\" lang=\"pt-BR\" dir=\"ltr\" data-wpcf7-id=\"17\">\n<div class=\"screen-reader-response\"><p role=\"status\" aria-live=\"polite\" aria-atomic=\"true\"><\/p> <ul><\/ul><\/div>\n<form action=\"\/index.php?rest_route=%2Fwp%2Fv2%2Fpages%2F777#wpcf7-f17-o1\" method=\"post\" class=\"wpcf7-form init\" aria-label=\"Formul\u00e1rios de contato\" novalidate=\"novalidate\" data-status=\"init\">\n<fieldset class=\"hidden-fields-container\"><input type=\"hidden\" name=\"_wpcf7\" value=\"17\" \/><input type=\"hidden\" name=\"_wpcf7_version\" value=\"6.1.5\" \/><input type=\"hidden\" name=\"_wpcf7_locale\" value=\"pt_BR\" \/><input type=\"hidden\" name=\"_wpcf7_unit_tag\" value=\"wpcf7-f17-o1\" \/><input type=\"hidden\" name=\"_wpcf7_container_post\" value=\"0\" \/><input type=\"hidden\" name=\"_wpcf7_posted_data_hash\" value=\"\" \/>\n<\/fieldset>\n<p><label> Seu nome (obrigat\u00f3rio)<br \/>\n<span class=\"wpcf7-form-control-wrap\" data-name=\"your-name\"><input size=\"40\" maxlength=\"400\" class=\"wpcf7-form-control wpcf7-text wpcf7-validates-as-required\" aria-required=\"true\" aria-invalid=\"false\" value=\"\" type=\"text\" name=\"your-name\" \/><\/span> <\/label>\n<\/p>\n<p><label> Telefone<br \/>\n<span class=\"wpcf7-form-control-wrap\" data-name=\"telefone\"><input size=\"40\" maxlength=\"400\" class=\"wpcf7-form-control wpcf7-text\" aria-invalid=\"false\" value=\"\" type=\"text\" name=\"telefone\" \/><\/span> <\/label>\n<\/p>\n<p><label> Seu e-mail (obrigat\u00f3rio)<br \/>\n<span class=\"wpcf7-form-control-wrap\" data-name=\"your-email\"><input size=\"40\" maxlength=\"400\" class=\"wpcf7-form-control wpcf7-email wpcf7-validates-as-required wpcf7-text wpcf7-validates-as-email\" aria-required=\"true\" aria-invalid=\"false\" value=\"\" type=\"email\" name=\"your-email\" \/><\/span> <\/label>\n<\/p>\n<p>Qual servi\u00e7o te interessa?\n<\/p>\n<p><span class=\"wpcf7-form-control-wrap\" data-name=\"servico\"><span class=\"wpcf7-form-control wpcf7-checkbox\"><span class=\"wpcf7-list-item first\"><label><input type=\"checkbox\" name=\"servico[]\" value=\"TRANSFORMA\u00c7\u00c3O DIGITAL\" \/><span class=\"wpcf7-list-item-label\">TRANSFORMA\u00c7\u00c3O DIGITAL<\/span><\/label><\/span><span class=\"wpcf7-list-item\"><label><input type=\"checkbox\" name=\"servico[]\" value=\"PLANEJAMENTO PARA ATUA\u00c7\u00c3O EM M\u00cdDIAS SOCIAIS\" \/><span class=\"wpcf7-list-item-label\">PLANEJAMENTO PARA ATUA\u00c7\u00c3O EM M\u00cdDIAS SOCIAIS<\/span><\/label><\/span><span class=\"wpcf7-list-item\"><label><input type=\"checkbox\" name=\"servico[]\" value=\"DESENVOLVIMENTO DE M\u00cdDIAS SOCIAIS DE COMUNICA\u00c7\u00c3O\" \/><span class=\"wpcf7-list-item-label\">DESENVOLVIMENTO DE M\u00cdDIAS SOCIAIS DE COMUNICA\u00c7\u00c3O<\/span><\/label><\/span><span class=\"wpcf7-list-item\"><label><input type=\"checkbox\" name=\"servico[]\" value=\"PLANEJAMENTO PARA BUSCA ORG\u00c2NICA \u2013 SEO\" \/><span class=\"wpcf7-list-item-label\">PLANEJAMENTO PARA BUSCA ORG\u00c2NICA \u2013 SEO<\/span><\/label><\/span><span class=\"wpcf7-list-item\"><label><input type=\"checkbox\" name=\"servico[]\" value=\"IDENTIFICA\u00c7\u00c3O E PLANEJAMENTO PARA ATUA\u00c7\u00c3O EM LINKS PATROCINADOS\" \/><span class=\"wpcf7-list-item-label\">IDENTIFICA\u00c7\u00c3O E PLANEJAMENTO PARA ATUA\u00c7\u00c3O EM LINKS PATROCINADOS<\/span><\/label><\/span><span class=\"wpcf7-list-item\"><label><input type=\"checkbox\" name=\"servico[]\" value=\"CRIA\u00c7\u00c3O DE E-COMMERCE\" \/><span class=\"wpcf7-list-item-label\">CRIA\u00c7\u00c3O DE E-COMMERCE<\/span><\/label><\/span><span class=\"wpcf7-list-item\"><label><input type=\"checkbox\" name=\"servico[]\" value=\"ESTUDO DE VIABILIDADE T\u00c9CNICA E ECON\u00d4MICA ( EVTE)\" \/><span class=\"wpcf7-list-item-label\">ESTUDO DE VIABILIDADE T\u00c9CNICA E ECON\u00d4MICA ( EVTE)<\/span><\/label><\/span><span class=\"wpcf7-list-item\"><label><input type=\"checkbox\" name=\"servico[]\" value=\"MAPEAMENTO E MELHORIA DE PROCESSOS\" \/><span class=\"wpcf7-list-item-label\">MAPEAMENTO E MELHORIA DE PROCESSOS<\/span><\/label><\/span><span class=\"wpcf7-list-item\"><label><input type=\"checkbox\" name=\"servico[]\" value=\"GOVERNAN\u00c7A E TECNOLOGIA DA INFORMA\u00c7\u00c3O\" \/><span class=\"wpcf7-list-item-label\">GOVERNAN\u00c7A E TECNOLOGIA DA INFORMA\u00c7\u00c3O<\/span><\/label><\/span><span class=\"wpcf7-list-item\"><label><input type=\"checkbox\" name=\"servico[]\" value=\"PREPARA\u00c7\u00c3O PARA CERTIFICA\u00c7\u00c3O ISO 20000 \/ ITIL\" \/><span class=\"wpcf7-list-item-label\">PREPARA\u00c7\u00c3O PARA CERTIFICA\u00c7\u00c3O ISO 20000 \/ ITIL<\/span><\/label><\/span><span class=\"wpcf7-list-item\"><label><input type=\"checkbox\" name=\"servico[]\" value=\"DESENVOLVIMENTO DE NOVOS PROCESSOS\" \/><span class=\"wpcf7-list-item-label\">DESENVOLVIMENTO DE NOVOS PROCESSOS<\/span><\/label><\/span><span class=\"wpcf7-list-item\"><label><input type=\"checkbox\" name=\"servico[]\" value=\"DESENV. E IMPLANT. DE ESTRAT\u00c9GIA, CAMPANHA E A\u00c7\u014cES TRANSM\u00cdDIA\" \/><span class=\"wpcf7-list-item-label\">DESENV. E IMPLANT. DE ESTRAT\u00c9GIA, CAMPANHA E A\u00c7\u014cES TRANSM\u00cdDIA<\/span><\/label><\/span><span class=\"wpcf7-list-item\"><label><input type=\"checkbox\" name=\"servico[]\" value=\"PESQUISA DE SATISFA\u00c7\u00c3O ON LINE MOBILE\" \/><span class=\"wpcf7-list-item-label\">PESQUISA DE SATISFA\u00c7\u00c3O ON LINE MOBILE<\/span><\/label><\/span><span class=\"wpcf7-list-item last\"><label><input type=\"checkbox\" name=\"servico[]\" value=\"PESQUISA DE MERCADO ON LINE MOBILE\" \/><span class=\"wpcf7-list-item-label\">PESQUISA DE MERCADO ON LINE MOBILE<\/span><\/label><\/span><\/span><\/span>\n<\/p>\n<p><label> Mensagem<br \/>\n<span class=\"wpcf7-form-control-wrap\" data-name=\"your-message\"><textarea cols=\"40\" rows=\"10\" maxlength=\"2000\" class=\"wpcf7-form-control wpcf7-textarea\" aria-invalid=\"false\" name=\"your-message\"><\/textarea><\/span> <\/label>\n<\/p>\n<p><input class=\"wpcf7-form-control wpcf7-submit has-spinner\" type=\"submit\" value=\"Enviar\" \/>\n<\/p><div class=\"wpcf7-response-output\" aria-hidden=\"true\"><\/div>\n<\/form>\n<\/div>\n<\/div>[\/vc_column][vc_column width=&#8221;1\/2&#8243;][vc_single_image image=&#8221;2117&#8243; img_size=&#8221;full&#8221; alignment=&#8221;center&#8221;][\/vc_column][\/vc_row][vc_row disable_element=&#8221;yes&#8221; overlay_dotted=&#8221;&#8221; css=&#8221;.vc_custom_1553912634248{margin-top: 61px !important;padding-bottom: 80px !important;}&#8221;][vc_column offset=&#8221;vc_col-lg-4 vc_col-md-4&#8243;]<div class=\"contact-item unva-address-6a058520cb459 \"><div class=\"unva-icon\"><span class=\"pe-7s-home\"><\/span><\/div><div class=\"contact-info\"><h4 class=\"contact-title\">Endere\u00e7o<\/h4><p>Av. Tancredo Neves, 450, Suarez Trade, 16\u00ba andar Caminho das \u00c1rvores, Salvador<\/p><\/div><\/div><div class=\"contact-item unva-address-6a058520cb46d \"><div class=\"unva-icon\"><span class=\"pe-7s-call\"><\/span><\/div><div class=\"contact-info\"><h4 class=\"contact-title\">Telefones<\/h4><div class=\"contact-link\"><a href=\"\">71 99972-0909<\/a><\/div><div class=\"contact-link\"><a href=\"\">71 3105-0909<\/a><\/div><\/div><\/div><div class=\"contact-item unva-address-6a058520cb47c \"><div class=\"unva-icon\"><span class=\"pe-7s-mail\"><\/span><\/div><div class=\"contact-info\"><h4 class=\"contact-title\">Email<\/h4><p>contato@agencialebrun.com<\/p><\/div><\/div>[\/vc_column][vc_column offset=&#8221;vc_col-lg-8 vc_col-md-8&#8243;][\/vc_column][\/vc_row]<\/p>\n<\/div>","protected":false},"excerpt":{"rendered":"[vc_row overlay_dotted=&#8221;&#8221; css=&#8221;.vc_custom_1553913180291{margin-bottom: 0px !important;padding-top: 5% !important;padding-bottom: 70px !important;}&#8221;][vc_column width=&#8221;1\/2&#8243; css=&#8221;.vc_custom_1516170689988{padding-bottom: 0px !important;}&#8221;][vc_column_text]Lebrun &#8211; Intelig\u00eancia Estrat\u00e9gica Suarez Trade Avenida Tancredo Neves, 450, 16\u00ba andar, Caminho das \u00c1rvores Salvador-BA CEP 41820-020[&#8230;]","protected":false},"author":1,"featured_media":0,"parent":0,"menu_order":0,"comment_status":"closed","ping_status":"closed","template":"","meta":{"footnotes":""},"class_list":["post-777","page","type-page","status-publish","hentry"],"_links":{"self":[{"href":"https:\/\/agencialebrun.com.br\/index.php?rest_route=\/wp\/v2\/pages\/777","targetHints":{"allow":["GET"]}}],"collection":[{"href":"https:\/\/agencialebrun.com.br\/index.php?rest_route=\/wp\/v2\/pages"}],"about":[{"href":"https:\/\/agencialebrun.com.br\/index.php?rest_route=\/wp\/v2\/types\/page"}],"author":[{"embeddable":true,"href":"https:\/\/agencialebrun.com.br\/index.php?rest_route=\/wp\/v2\/users\/1"}],"replies":[{"embeddable":true,"href":"https:\/\/agencialebrun.com.br\/index.php?rest_route=%2Fwp%2Fv2%2Fcomments&post=777"}],"version-history":[{"count":15,"href":"https:\/\/agencialebrun.com.br\/index.php?rest_route=\/wp\/v2\/pages\/777\/revisions"}],"predecessor-version":[{"id":2120,"href":"https:\/\/agencialebrun.com.br\/index.php?rest_route=\/wp\/v2\/pages\/777\/revisions\/2120"}],"wp:attachment":[{"href":"https:\/\/agencialebrun.com.br\/index.php?rest_route=%2Fwp%2Fv2%2Fmedia&parent=777"}],"curies":[{"name":"wp","href":"https:\/\/api.w.org\/{rel}","templated":true}]}}