{"id":2005,"date":"2019-03-29T16:14:37","date_gmt":"2019-03-29T19:14:37","guid":{"rendered":"http:\/\/www.agencialebrun.com.br\/?page_id=2005"},"modified":"2019-07-15T18:04:37","modified_gmt":"2019-07-15T21:04:37","slug":"in-company","status":"publish","type":"page","link":"https:\/\/agencialebrun.com.br\/?page_id=2005","title":{"rendered":"In-company"},"content":{"rendered":"<div class=\"wpb-content-wrapper\"><p>[vc_row][vc_column width=&#8221;2\/3&#8243;][vc_column_text]N\u00f3s sabemos que cada empresa tem necessidades espec\u00edficas e muitas vezes as op\u00e7\u00f5es dispon\u00edveis no mercado n\u00e3o conseguem atender \u00e0 todas as suas expectativas.<\/p>\n<p>Nossos cursos podem ser customizados de acordo com a necessidade da sua organiza\u00e7\u00e3o, proporcionando resultados muito mais efetivos e tamb\u00e9m funcionando como uma \u00f3tima ferramenta de integra\u00e7\u00e3o de colaboradores.<\/p>\n<p>Para solicitar uma proposta preencha o formul\u00e1rio abaixo. Para mais informa\u00e7\u00f5es, entre em <a href=\"http:\/\/www.agencialebrun.com.br\/contato\/\">contato<\/a>.[\/vc_column_text][vc_column_text]<\/p>\n<h3>CURSOS, PALESTRAS E OFICINAS<\/h3>\n<p><strong>INTELIG\u00caNCIA ESTRAT\u00c9GICA DIGITAL<\/strong><br \/>\nWorkShop sobre Valoriza\u00e7\u00e3o da Experi\u00eancia Tur\u00edstica Atrav\u00e9s da Transm\u00eddia Storytelling (7h)<br \/>\nPalestra sobre Estrat\u00e9gia, Campanha e A\u00e7\u00f5es Transm\u00eddia Storytelling (3h)<br \/>\nCurso Transm\u00eddia e Storytelling para Neg\u00f3cios (16h)<br \/>\nCurso M\u00eddias Sociais &#8211; Planejamento, Implementa\u00e7\u00e3o e Monitoramento (16h)<br \/>\nCurso Planejamento Estrat\u00e9gico de Marketing Digital (16h)<br \/>\nCurso Imers\u00e3o em Marketing Digital (8h)<br \/>\nCurso SEO Completo &#8211; Do b\u00e1sico ao avan\u00e7ado (8h)<br \/>\nGoogle Ads Profissional \u2013 Links patrocinadores (8h)<\/p>\n<p><strong>INTELIG\u00caNCIA ESTRAT\u00c9GICA EMPRESARIAL<\/strong><br \/>\nCurso Governan\u00e7a e Tecnologia da Informa\u00e7\u00e3o (16h)<br \/>\nPalestra sobre Governan\u00e7a e Tecnologia da informa\u00e7\u00e3o (4h)<br \/>\nCurso Fundamentos de Governan\u00e7a de TI (8h)<br \/>\nCurso B\u00e1sico de Planejamento e Gerencia de Projetos (16h)<br \/>\nPalestra sobre Import\u00e2ncia do Estudo de Viabilidade T\u00e9cnica e Econ\u00f4mica (4h)<br \/>\nCurso Como a Certifica\u00e7\u00e3o ISO\/IEC 20000 Pode Ajudar Empresas e Pessoas? (16h)<br \/>\nCurso Gest\u00e3o de Controles Internos e Mapeamento de Processos (16h)<br \/>\nCurso Gest\u00e3o da Seguran\u00e7a da Informa\u00e7\u00e3o &#8211; NBR 27001 e NBR 27002 (16h)<br \/>\nCurso Gest\u00e3o de Riscos de TI &#8211; NBR 31000 e NBR 27005 Governan\u00e7a de TI (16h)<\/p>\n<p><strong>INTELIG\u00caNCIA ESTRAT\u00c9GICA DE MERCADO<\/strong><br \/>\nPalestra Import\u00e2ncia da PESQUISA DE MERCADO para o seu neg\u00f3cio (4h)<br \/>\nPalestra Import\u00e2ncia da PESQUISA DE SATISFA\u00c7\u00c3O ON LINE MOBILE para seu neg\u00f3cio (4h)[\/vc_column_text][vc_empty_space][vc_column_text]<\/p>\n<h3>Solicite um or\u00e7amento:<\/h3>\n<p>[\/vc_column_text]\n<div class=\"wpcf7 no-js\" id=\"wpcf7-f909-o1\" lang=\"pt-BR\" dir=\"ltr\" data-wpcf7-id=\"909\">\n<div class=\"screen-reader-response\"><p role=\"status\" aria-live=\"polite\" aria-atomic=\"true\"><\/p> <ul><\/ul><\/div>\n<form action=\"\/index.php?rest_route=%2Fwp%2Fv2%2Fpages%2F2005#wpcf7-f909-o1\" method=\"post\" class=\"wpcf7-form init\" aria-label=\"Formul\u00e1rios de contato\" novalidate=\"novalidate\" data-status=\"init\">\n<fieldset class=\"hidden-fields-container\"><input type=\"hidden\" name=\"_wpcf7\" value=\"909\" \/><input type=\"hidden\" name=\"_wpcf7_version\" value=\"6.1.5\" \/><input type=\"hidden\" name=\"_wpcf7_locale\" value=\"pt_BR\" \/><input type=\"hidden\" name=\"_wpcf7_unit_tag\" value=\"wpcf7-f909-o1\" \/><input type=\"hidden\" name=\"_wpcf7_container_post\" value=\"0\" \/><input type=\"hidden\" name=\"_wpcf7_posted_data_hash\" value=\"\" \/>\n<\/fieldset>\n<div class=\"row\">\n\t<div class=\"large-12 columns\">\n\t\t<p><label>Escolha um ou mais itens:<br \/>\n<span class=\"wpcf7-form-control-wrap\" data-name=\"curso\"><span class=\"wpcf7-form-control wpcf7-checkbox\"><span class=\"wpcf7-list-item first\"><label><input type=\"checkbox\" name=\"curso[]\" value=\"WorkShop sobre Valoriza\u00e7\u00e3o da Experi\u00eancia Tur\u00edstica Atrav\u00e9s da Transm\u00eddia Storytelling (7h)\" \/><span class=\"wpcf7-list-item-label\">WorkShop sobre Valoriza\u00e7\u00e3o da Experi\u00eancia Tur\u00edstica Atrav\u00e9s da Transm\u00eddia Storytelling (7h)<\/span><\/label><\/span><span class=\"wpcf7-list-item\"><label><input type=\"checkbox\" name=\"curso[]\" value=\"Palestra sobre Estrat\u00e9gia, Campanha e A\u00e7\u00f5es Transm\u00eddia Storytelling (3h)\" \/><span class=\"wpcf7-list-item-label\">Palestra sobre Estrat\u00e9gia, Campanha e A\u00e7\u00f5es Transm\u00eddia Storytelling (3h)<\/span><\/label><\/span><span class=\"wpcf7-list-item\"><label><input type=\"checkbox\" name=\"curso[]\" value=\"Curso Transm\u00eddia e Storytelling para Neg\u00f3cios (16h)\" \/><span class=\"wpcf7-list-item-label\">Curso Transm\u00eddia e Storytelling para Neg\u00f3cios (16h)<\/span><\/label><\/span><span class=\"wpcf7-list-item\"><label><input type=\"checkbox\" name=\"curso[]\" value=\"Curso M\u00eddias Sociais - Planejamento, Implementa\u00e7\u00e3o e Monitoramento (16h)\" \/><span class=\"wpcf7-list-item-label\">Curso M\u00eddias Sociais - Planejamento, Implementa\u00e7\u00e3o e Monitoramento (16h)<\/span><\/label><\/span><span class=\"wpcf7-list-item\"><label><input type=\"checkbox\" name=\"curso[]\" value=\"Curso Planejamento Estrat\u00e9gico de Marketing Digital (16h)\" \/><span class=\"wpcf7-list-item-label\">Curso Planejamento Estrat\u00e9gico de Marketing Digital (16h)<\/span><\/label><\/span><span class=\"wpcf7-list-item\"><label><input type=\"checkbox\" name=\"curso[]\" value=\"Curso Imers\u00e3o em Marketing Digital (8h)\" \/><span class=\"wpcf7-list-item-label\">Curso Imers\u00e3o em Marketing Digital (8h)<\/span><\/label><\/span><span class=\"wpcf7-list-item\"><label><input type=\"checkbox\" name=\"curso[]\" value=\"Curso SEO Completo - Do b\u00e1sico ao avan\u00e7ado (8h)\" \/><span class=\"wpcf7-list-item-label\">Curso SEO Completo - Do b\u00e1sico ao avan\u00e7ado (8h)<\/span><\/label><\/span><span class=\"wpcf7-list-item\"><label><input type=\"checkbox\" name=\"curso[]\" value=\"Google Ads Profissional \u2013 Links patrocinadores (8h)\" \/><span class=\"wpcf7-list-item-label\">Google Ads Profissional \u2013 Links patrocinadores (8h)<\/span><\/label><\/span><span class=\"wpcf7-list-item\"><label><input type=\"checkbox\" name=\"curso[]\" value=\"Curso Governan\u00e7a e Tecnologia da Informa\u00e7\u00e3o (16h)\" \/><span class=\"wpcf7-list-item-label\">Curso Governan\u00e7a e Tecnologia da Informa\u00e7\u00e3o (16h)<\/span><\/label><\/span><span class=\"wpcf7-list-item\"><label><input type=\"checkbox\" name=\"curso[]\" value=\"Palestra sobre Governan\u00e7a e Tecnologia da informa\u00e7\u00e3o (4h)\" \/><span class=\"wpcf7-list-item-label\">Palestra sobre Governan\u00e7a e Tecnologia da informa\u00e7\u00e3o (4h)<\/span><\/label><\/span><span class=\"wpcf7-list-item\"><label><input type=\"checkbox\" name=\"curso[]\" value=\"Curso Fundamentos de Governan\u00e7a de TI (8h)\" \/><span class=\"wpcf7-list-item-label\">Curso Fundamentos de Governan\u00e7a de TI (8h)<\/span><\/label><\/span><span class=\"wpcf7-list-item\"><label><input type=\"checkbox\" name=\"curso[]\" value=\"Curso B\u00e1sico de Planejamento e Gerencia de Projetos (16h)\" \/><span class=\"wpcf7-list-item-label\">Curso B\u00e1sico de Planejamento e Gerencia de Projetos (16h)<\/span><\/label><\/span><span class=\"wpcf7-list-item\"><label><input type=\"checkbox\" name=\"curso[]\" value=\"Palestra sobre Import\u00e2ncia do Estudo de Viabilidade T\u00e9cnica e Econ\u00f4mica (4h)\" \/><span class=\"wpcf7-list-item-label\">Palestra sobre Import\u00e2ncia do Estudo de Viabilidade T\u00e9cnica e Econ\u00f4mica (4h)<\/span><\/label><\/span><span class=\"wpcf7-list-item\"><label><input type=\"checkbox\" name=\"curso[]\" value=\"Curso Como a Certifica\u00e7\u00e3o ISO\/IEC 20000 Pode Ajudar Empresas e Pessoas? (16h)\" \/><span class=\"wpcf7-list-item-label\">Curso Como a Certifica\u00e7\u00e3o ISO\/IEC 20000 Pode Ajudar Empresas e Pessoas? (16h)<\/span><\/label><\/span><span class=\"wpcf7-list-item\"><label><input type=\"checkbox\" name=\"curso[]\" value=\"Curso Gest\u00e3o de Controles Internos e Mapeamento de Processos (16h)\" \/><span class=\"wpcf7-list-item-label\">Curso Gest\u00e3o de Controles Internos e Mapeamento de Processos (16h)<\/span><\/label><\/span><span class=\"wpcf7-list-item\"><label><input type=\"checkbox\" name=\"curso[]\" value=\"Curso Gest\u00e3o da Seguran\u00e7a da Informa\u00e7\u00e3o - NBR 27001 e NBR 27002 (16h)\" \/><span class=\"wpcf7-list-item-label\">Curso Gest\u00e3o da Seguran\u00e7a da Informa\u00e7\u00e3o - NBR 27001 e NBR 27002 (16h)<\/span><\/label><\/span><span class=\"wpcf7-list-item\"><label><input type=\"checkbox\" name=\"curso[]\" value=\"Curso Gest\u00e3o de Riscos de TI - NBR 31000 e NBR 27005 Governan\u00e7a de TI (16h)\" \/><span class=\"wpcf7-list-item-label\">Curso Gest\u00e3o de Riscos de TI - NBR 31000 e NBR 27005 Governan\u00e7a de TI (16h)<\/span><\/label><\/span><span class=\"wpcf7-list-item\"><label><input type=\"checkbox\" name=\"curso[]\" value=\"Palestra Import\u00e2ncia da PESQUISA DE MERCADO para o seu neg\u00f3cio (4h)\" \/><span class=\"wpcf7-list-item-label\">Palestra Import\u00e2ncia da PESQUISA DE MERCADO para o seu neg\u00f3cio (4h)<\/span><\/label><\/span><span class=\"wpcf7-list-item last\"><label><input type=\"checkbox\" name=\"curso[]\" value=\"Palestra Import\u00e2ncia da PESQUISA DE SATISFA\u00c7\u00c3O ON LINE MOBILE para seu neg\u00f3cio (4h)\" \/><span class=\"wpcf7-list-item-label\">Palestra Import\u00e2ncia da PESQUISA DE SATISFA\u00c7\u00c3O ON LINE MOBILE para seu neg\u00f3cio (4h)<\/span><\/label><\/span><\/span><\/span><br \/>\n<\/label>\n\t\t<\/p>\n\t<\/div>\n<\/div>\n<div class=\"row\">\n\t<div class=\"large-12 columns\">\n\t\t<p><label>Empresa:<br \/>\n<span class=\"wpcf7-form-control-wrap\" data-name=\"empresa\"><input size=\"40\" maxlength=\"400\" class=\"wpcf7-form-control wpcf7-text wpcf7-validates-as-required large-12 columns\" aria-required=\"true\" aria-invalid=\"false\" value=\"\" type=\"text\" name=\"empresa\" \/><\/span><br \/>\n<\/label>\n\t\t<\/p>\n\t<\/div>\n<\/div>\n<div class=\"row\">\n\t<div class=\"large-12 columns\">\n\t\t<p><label>Cidade:<br \/>\n<span class=\"wpcf7-form-control-wrap\" data-name=\"cidade\"><input size=\"40\" maxlength=\"400\" class=\"wpcf7-form-control wpcf7-text wpcf7-validates-as-required large-12 columns\" aria-required=\"true\" aria-invalid=\"false\" value=\"\" type=\"text\" name=\"cidade\" \/><\/span><br \/>\n<\/label>\n\t\t<\/p>\n\t<\/div>\n<\/div>\n<div class=\"row\">\n\t<div class=\"large-6 columns\">\n\t\t<p><label>Telefones<br \/>\n<span class=\"wpcf7-form-control-wrap\" data-name=\"telefones\"><input size=\"40\" maxlength=\"400\" class=\"wpcf7-form-control wpcf7-text wpcf7-validates-as-required large-12 columns\" aria-required=\"true\" aria-invalid=\"false\" value=\"\" type=\"text\" name=\"telefones\" \/><\/span><br \/>\n<\/label>\n\t\t<\/p>\n\t<\/div>\n\t<div class=\"large-6 columns\">\n\t\t<p><label>Respons\u00e1vel<br \/>\n<span class=\"wpcf7-form-control-wrap\" data-name=\"responsavel\"><input size=\"40\" maxlength=\"400\" class=\"wpcf7-form-control wpcf7-text wpcf7-validates-as-required large-12 columns\" aria-required=\"true\" aria-invalid=\"false\" value=\"\" type=\"text\" name=\"responsavel\" \/><\/span><br \/>\n<\/label>\n\t\t<\/p>\n\t<\/div>\n<\/div>\n<div class=\"row\">\n\t<div class=\"large-6 columns\">\n\t\t<p><label>Setor<br \/>\n<span class=\"wpcf7-form-control-wrap\" data-name=\"setor\"><input size=\"40\" maxlength=\"400\" class=\"wpcf7-form-control wpcf7-text wpcf7-validates-as-required large-12 columns\" aria-required=\"true\" aria-invalid=\"false\" value=\"\" type=\"text\" name=\"setor\" \/><\/span><br \/>\n<\/label>\n\t\t<\/p>\n\t<\/div>\n\t<div class=\"large-6 columns\">\n\t\t<p><label>E-mail<br \/>\n<span class=\"wpcf7-form-control-wrap\" data-name=\"email\"><input size=\"40\" maxlength=\"400\" class=\"wpcf7-form-control wpcf7-text wpcf7-validates-as-required large-12 columns\" aria-required=\"true\" aria-invalid=\"false\" value=\"\" type=\"text\" name=\"email\" \/><\/span><br \/>\n<\/label>\n\t\t<\/p>\n\t<\/div>\n<\/div>\n<div class=\"row\">\n\t<div class=\"large-12 columns\">\n\t\t<p><label>Sugest\u00e3o de Datas:<br \/>\n<span class=\"wpcf7-form-control-wrap\" data-name=\"sugestaoclass:large-12\"><input size=\"40\" maxlength=\"400\" class=\"wpcf7-form-control wpcf7-text wpcf7-validates-as-required columns\" aria-required=\"true\" aria-invalid=\"false\" value=\"\" type=\"text\" name=\"sugestaoclass:large-12\" \/><\/span><br \/>\n<\/label>\n\t\t<\/p>\n\t<\/div>\n<\/div>\n<div class=\"row\">\n\t<div class=\"large-12 columns\">\n\t\t<p><label>Quantidade de Pessoas:<br \/>\n<span class=\"wpcf7-form-control-wrap\" data-name=\"qtdpessoas\"><input size=\"40\" maxlength=\"400\" class=\"wpcf7-form-control wpcf7-text wpcf7-validates-as-required large-12 columns\" aria-required=\"true\" aria-invalid=\"false\" value=\"\" type=\"text\" name=\"qtdpessoas\" \/><\/span><br \/>\n<\/label>\n\t\t<\/p>\n\t<\/div>\n<\/div>\n<div class=\"row\">\n\t<div class=\"large-12 columns\">\n\t\t<p><label>Observa\u00e7\u00f5es<br \/>\n<span class=\"wpcf7-form-control-wrap\" data-name=\"obs\"><textarea cols=\"40\" rows=\"10\" maxlength=\"2000\" class=\"wpcf7-form-control wpcf7-textarea wpcf7-validates-as-required large-12 columns textarea-ok\" aria-required=\"true\" aria-invalid=\"false\" name=\"obs\"><\/textarea><\/span><br \/>\n<\/label><br \/>\n<input class=\"wpcf7-form-control wpcf7-submit has-spinner button\" type=\"submit\" value=\"Enviar Solicita\u00e7\u00e3o\" \/>\n\t\t<\/p>\n\t<\/div>\n<\/div><div class=\"wpcf7-response-output\" aria-hidden=\"true\"><\/div>\n<\/form>\n<\/div>\n[\/vc_column][vc_column width=&#8221;1\/3&#8243;][vc_single_image image=&#8221;2036&#8243; img_size=&#8221;full&#8221; alignment=&#8221;center&#8221;][\/vc_column][\/vc_row]<\/p>\n<\/div>","protected":false},"excerpt":{"rendered":"[vc_row][vc_column width=&#8221;2\/3&#8243;][vc_column_text]N\u00f3s sabemos que cada empresa tem necessidades espec\u00edficas e muitas vezes as op\u00e7\u00f5es dispon\u00edveis no mercado n\u00e3o conseguem atender \u00e0 todas as suas expectativas. Nossos cursos podem ser customizados[&#8230;]","protected":false},"author":1,"featured_media":0,"parent":0,"menu_order":0,"comment_status":"closed","ping_status":"closed","template":"","meta":{"footnotes":""},"class_list":["post-2005","page","type-page","status-publish","hentry"],"_links":{"self":[{"href":"https:\/\/agencialebrun.com.br\/index.php?rest_route=\/wp\/v2\/pages\/2005","targetHints":{"allow":["GET"]}}],"collection":[{"href":"https:\/\/agencialebrun.com.br\/index.php?rest_route=\/wp\/v2\/pages"}],"about":[{"href":"https:\/\/agencialebrun.com.br\/index.php?rest_route=\/wp\/v2\/types\/page"}],"author":[{"embeddable":true,"href":"https:\/\/agencialebrun.com.br\/index.php?rest_route=\/wp\/v2\/users\/1"}],"replies":[{"embeddable":true,"href":"https:\/\/agencialebrun.com.br\/index.php?rest_route=%2Fwp%2Fv2%2Fcomments&post=2005"}],"version-history":[{"count":7,"href":"https:\/\/agencialebrun.com.br\/index.php?rest_route=\/wp\/v2\/pages\/2005\/revisions"}],"predecessor-version":[{"id":2387,"href":"https:\/\/agencialebrun.com.br\/index.php?rest_route=\/wp\/v2\/pages\/2005\/revisions\/2387"}],"wp:attachment":[{"href":"https:\/\/agencialebrun.com.br\/index.php?rest_route=%2Fwp%2Fv2%2Fmedia&parent=2005"}],"curies":[{"name":"wp","href":"https:\/\/api.w.org\/{rel}","templated":true}]}}