{"id":1889,"date":"2019-03-18T23:05:39","date_gmt":"2019-03-19T02:05:39","guid":{"rendered":"http:\/\/www.agencialebrun.com.br\/?page_id=1889"},"modified":"2019-05-25T00:49:47","modified_gmt":"2019-05-25T03:49:47","slug":"diferenciais","status":"publish","type":"page","link":"https:\/\/agencialebrun.com.br\/?page_id=1889","title":{"rendered":"Diferenciais"},"content":{"rendered":"<div class=\"wpb-content-wrapper\"><p>A Ag\u00eancia Lebrun \u00e9 liderada por Ant\u00f4nio Roma, consultor, palestrante e empreendedor, com comprovada experi\u00eancia:<\/p>\n<ul style=\"font-size: 16px; color: #666666;\">\n<li>Graduado em An\u00e1lise de Sistemas pela FRB.<\/li>\n<li>MBA em Administra\u00e7\u00e3o e Marketing pela UFBA.<\/li>\n<li>Especializa\u00e7\u00e3o em Ger\u00eancia de Sistemas de Informa\u00e7\u00e3o pela UCSAL.<\/li>\n<li>Coach certificado pela International Association of Coaching Institutes (ICI).<\/li>\n<li>Especializa\u00e7\u00e3o em Marketing Digital Estrat\u00e9gico pela Louyt Academy, Espanha.<\/li>\n<li>Transm\u00eddia.<\/li>\n<li>Professor do Curso de P\u00f3s-gradua\u00e7\u00e3o de Governan\u00e7a de TI EAD do SENAC-BA.<\/li>\n<li>Professor da Cairu: Administra\u00e7\u00e3o de Sistemas de Informa\u00e7\u00e3o, Planejamento Estrat\u00e9gico, Gest\u00e3o e Governan\u00e7a de TI, Gest\u00e3o de Projetos.<\/li>\n<li>Ministra Cursos e Palestras de Marketing Digital Estrat\u00e9gico, Gest\u00e3o e Governan\u00e7a de TI em empresas, congressos, feiras e universidades.<\/li>\n<li>Franqueado da Louyt Mobile Bahia, empresa europeia refer\u00eancia em Mobile Marketing no Mundo.<\/li>\n<li>Ex-Diretor de TI da Unimed Feira de Santana.<\/li>\n<li>Ex-Diretor de TI do Grupo Atakarejo.<\/li>\n<li>Ex-Diretor de TI da Origin (grupo multinacional da Philips do Brasil).<\/li>\n<li>Ex- Gerente do SERPRO (Servi\u00e7o Federal de Processamento de Dados).<\/li>\n<li>30 anos de Experi\u00eancia nas seguintes \u00e1reas:\n<ul>\n<li>Gest\u00e3o e Governan\u00e7a de TI com as melhores pr\u00e1ticas de mercado;<\/li>\n<li>Administra\u00e7\u00e3o e Comercial;<\/li>\n<li>Mapeamento e Melhoria de Processos;<\/li>\n<li>Marketing Digital Estrat\u00e9gico;<\/li>\n<li>Estudo de Viabilidade T\u00e9cnica e Econ\u00f4mica.<\/li>\n<\/ul>\n<\/li>\n<\/ul>\n<p>[vc_row][vc_column][vc_btn title=&#8221;Fale com um consultor agora&#8221; color=&#8221;warning&#8221; size=&#8221;lg&#8221; i_icon_fontawesome=&#8221;fa fa-comments-o&#8221; add_icon=&#8221;true&#8221; link=&#8221;url:http%3A%2F%2Fwww.agencialebrun.com.br%2Fcontato%2F|||&#8221;][\/vc_column][\/vc_row]<\/p>\n<\/div>","protected":false},"excerpt":{"rendered":"A Ag\u00eancia Lebrun \u00e9 liderada por Ant\u00f4nio Roma, consultor, palestrante e empreendedor, com comprovada experi\u00eancia: Graduado em An\u00e1lise de Sistemas pela FRB. MBA em Administra\u00e7\u00e3o e Marketing pela UFBA. Especializa\u00e7\u00e3o[&#8230;]","protected":false},"author":1,"featured_media":0,"parent":0,"menu_order":0,"comment_status":"closed","ping_status":"closed","template":"","meta":{"footnotes":""},"class_list":["post-1889","page","type-page","status-publish","hentry"],"_links":{"self":[{"href":"https:\/\/agencialebrun.com.br\/index.php?rest_route=\/wp\/v2\/pages\/1889","targetHints":{"allow":["GET"]}}],"collection":[{"href":"https:\/\/agencialebrun.com.br\/index.php?rest_route=\/wp\/v2\/pages"}],"about":[{"href":"https:\/\/agencialebrun.com.br\/index.php?rest_route=\/wp\/v2\/types\/page"}],"author":[{"embeddable":true,"href":"https:\/\/agencialebrun.com.br\/index.php?rest_route=\/wp\/v2\/users\/1"}],"replies":[{"embeddable":true,"href":"https:\/\/agencialebrun.com.br\/index.php?rest_route=%2Fwp%2Fv2%2Fcomments&post=1889"}],"version-history":[{"count":7,"href":"https:\/\/agencialebrun.com.br\/index.php?rest_route=\/wp\/v2\/pages\/1889\/revisions"}],"predecessor-version":[{"id":2270,"href":"https:\/\/agencialebrun.com.br\/index.php?rest_route=\/wp\/v2\/pages\/1889\/revisions\/2270"}],"wp:attachment":[{"href":"https:\/\/agencialebrun.com.br\/index.php?rest_route=%2Fwp%2Fv2%2Fmedia&parent=1889"}],"curies":[{"name":"wp","href":"https:\/\/api.w.org\/{rel}","templated":true}]}}