{"id":1765,"date":"2019-01-29T19:43:59","date_gmt":"2019-01-29T21:43:59","guid":{"rendered":"http:\/\/www.agencialebrun.com.br\/?page_id=1765"},"modified":"2019-03-31T23:27:14","modified_gmt":"2019-04-01T02:27:14","slug":"planejamento-para-atuacao-em-midias-sociais","status":"publish","type":"page","link":"https:\/\/agencialebrun.com.br\/?page_id=1765","title":{"rendered":"Planejamento para Atua\u00e7\u00e3o em M\u00eddias Sociais"},"content":{"rendered":"<div class=\"wpb-content-wrapper\"><p>[vc_row][vc_column][vc_column_text]<strong>Objetivo:<\/strong><\/p>\n<div id=\"5c50c33f3f6c4-10\" class=\"panel-collapse collapse in\" aria-expanded=\"true\">\n<div class=\"panel-content\">\n<div class=\"wpb_text_column wpb_content_element \">\n<div class=\"wpb_wrapper\">\n<ol>\n<li>Posicionar e reposicionar micro e pequenas empresas nos meios digitais de divulga\u00e7\u00e3o e avalia\u00e7\u00e3o;<\/li>\n<li>Adequar o relacionamento da empresa com o seu p\u00fablico externo;<\/li>\n<li>Publicar conte\u00fado especializado e direcionado para atender as demandas dos micro e pequenos empres\u00e1rios;<\/li>\n<li>Criar processo interno para gest\u00e3o da reputa\u00e7\u00e3o da empresa nos meios digitais e fideliza\u00e7\u00e3o dos clientes. Solu\u00e7\u00e3o recomendada para o desenvolvimento de a\u00e7\u00f5es de promo\u00e7\u00e3o da MPE em datas comemorativas, como P\u00e1scoa, Dia das M\u00e3es, Dia dos Namorados, Dia dos Pais, Dia das Crian\u00e7as e Natal.<\/li>\n<\/ol>\n<p>&nbsp;<\/p>\n<p><strong>Benef\u00edcios:<\/strong><\/p>\n<ol>\n<li>Aumentar o impacto nas redes sociais;<\/li>\n<li>Estreitamento do relacionamento e da identifica\u00e7\u00e3o do p\u00fablico com a sua marca;<\/li>\n<li>Crie intera\u00e7\u00e3o entre a sua marca e o consumidor;<\/li>\n<li>Aumente a sua fatia de mercado;<\/li>\n<li>Melhor posicionamento da marca do produto\/servi\u00e7o e sua reputa\u00e7\u00e3o online;<\/li>\n<li>Melhore a reputa\u00e7\u00e3o da sua empresa.<\/li>\n<\/ol>\n<\/div>\n<\/div>\n<\/div>\n<\/div>\n<div id=\"5c50c33f3f6c4-4\" class=\"panel-collapse collapse in\" aria-expanded=\"true\">\n<div class=\"panel-content\">\n<div class=\"wpb_text_column wpb_content_element \">\n<div class=\"wpb_wrapper\">\n<p>[\/vc_column_text][\/vc_column][\/vc_row][vc_row][vc_column][vc_btn title=&#8221;Fale com um consultor agora&#8221; color=&#8221;warning&#8221; size=&#8221;lg&#8221; i_icon_fontawesome=&#8221;fa fa-comments-o&#8221; add_icon=&#8221;true&#8221; link=&#8221;url:http%3A%2F%2Fwww.agencialebrun.com.br%2Fcontato%2F|||&#8221;][\/vc_column][\/vc_row]<\/p>\n<\/div>\n<\/div>\n<\/div>\n<\/div>\n<\/div>","protected":false},"excerpt":{"rendered":"[vc_row][vc_column][vc_column_text]Objetivo: Posicionar e reposicionar micro e pequenas empresas nos meios digitais de divulga\u00e7\u00e3o e avalia\u00e7\u00e3o; Adequar o relacionamento da empresa com o seu p\u00fablico externo; Publicar conte\u00fado especializado e direcionado[&#8230;]","protected":false},"author":1,"featured_media":0,"parent":0,"menu_order":0,"comment_status":"closed","ping_status":"closed","template":"","meta":{"footnotes":""},"class_list":["post-1765","page","type-page","status-publish","hentry"],"_links":{"self":[{"href":"https:\/\/agencialebrun.com.br\/index.php?rest_route=\/wp\/v2\/pages\/1765","targetHints":{"allow":["GET"]}}],"collection":[{"href":"https:\/\/agencialebrun.com.br\/index.php?rest_route=\/wp\/v2\/pages"}],"about":[{"href":"https:\/\/agencialebrun.com.br\/index.php?rest_route=\/wp\/v2\/types\/page"}],"author":[{"embeddable":true,"href":"https:\/\/agencialebrun.com.br\/index.php?rest_route=\/wp\/v2\/users\/1"}],"replies":[{"embeddable":true,"href":"https:\/\/agencialebrun.com.br\/index.php?rest_route=%2Fwp%2Fv2%2Fcomments&post=1765"}],"version-history":[{"count":2,"href":"https:\/\/agencialebrun.com.br\/index.php?rest_route=\/wp\/v2\/pages\/1765\/revisions"}],"predecessor-version":[{"id":2125,"href":"https:\/\/agencialebrun.com.br\/index.php?rest_route=\/wp\/v2\/pages\/1765\/revisions\/2125"}],"wp:attachment":[{"href":"https:\/\/agencialebrun.com.br\/index.php?rest_route=%2Fwp%2Fv2%2Fmedia&parent=1765"}],"curies":[{"name":"wp","href":"https:\/\/api.w.org\/{rel}","templated":true}]}}