{"id":1741,"date":"2019-01-29T19:31:38","date_gmt":"2019-01-29T21:31:38","guid":{"rendered":"http:\/\/www.agencialebrun.com.br\/?page_id=1741"},"modified":"2019-01-29T19:34:32","modified_gmt":"2019-01-29T21:34:32","slug":"identificacao-e-planejamento-para-atuacao-em-links-patrocinados","status":"publish","type":"page","link":"https:\/\/agencialebrun.com.br\/?page_id=1741","title":{"rendered":"Identifica\u00e7\u00e3o e Planejamento para Atua\u00e7\u00e3o em Links Patrocinados"},"content":{"rendered":"<div class=\"wpb-content-wrapper\"><p>[vc_row][vc_column][vc_column_text]<\/p>\n<div class=\"panel-heading\">\n<h4 class=\"panel-title\"><strong>Objetivo:<\/strong><\/h4>\n<\/div>\n<div id=\"5c50c33f3f6c4-4\" class=\"panel-collapse collapse in\" aria-expanded=\"true\">\n<div class=\"panel-content\">\n<div class=\"wpb_text_column wpb_content_element \">\n<div class=\"wpb_wrapper\">\n<p>Links Patrocinados \u00e9 um tipo de publicidade online para quem busca anunciar oferecendo um link para o usu\u00e1rio. Isso possibilita a realiza\u00e7\u00e3o de determinadas a\u00e7\u00f5es no link de destino. A consultoria objetiva:<\/p>\n<ol>\n<li>Contribuir para o desenvolvimento de estrat\u00e9gias para aumento do tr\u00e1fego do site atrav\u00e9s de links patrocinados;<\/li>\n<li>Contribuir para que a empresa aumente a visibilidade do produto ou servi\u00e7o atrav\u00e9s de p\u00fablico mais qualificado;<\/li>\n<li>Contribuir para que a empresa possa realizar investimentos com publicidade em links patrocinados com enfoque na minimiza\u00e7\u00e3o de custos e maximiza\u00e7\u00e3o de resultados;<\/li>\n<li>Contribuir para que a empresa gere leads e conversa\u00e7\u00f5es para o site.<\/li>\n<\/ol>\n<p>&nbsp;<\/p>\n<p><strong>Benef\u00edcios:<\/strong><\/p>\n<ol>\n<li>1. Atrair novos clientes atrav\u00e9s de pesquisas e displays em sites de interesse;<\/li>\n<li>Aumentar o tr\u00e1fego de visitas no site gerando leads e convers\u00f5es;<\/li>\n<li>Atrair um p\u00fablico mais qualificado para o site;<\/li>\n<li>Atingir novos consumidores;<\/li>\n<li>Melhor posicionamento da marca do produto\/servi\u00e7o e sua reputa\u00e7\u00e3o online.<\/li>\n<\/ol>\n<p>[\/vc_column_text][\/vc_column][\/vc_row][vc_row][vc_column][vc_btn title=&#8221;Fale com um consultor agora&#8221; color=&#8221;warning&#8221; size=&#8221;lg&#8221; i_icon_fontawesome=&#8221;fa fa-comments-o&#8221; add_icon=&#8221;true&#8221; link=&#8221;url:http%3A%2F%2Fwww.agencialebrun.com.br%2Fcontato%2F|||&#8221;][\/vc_column][\/vc_row]<\/p>\n<\/div>\n<\/div>\n<\/div>\n<\/div>\n<\/div>","protected":false},"excerpt":{"rendered":"[vc_row][vc_column][vc_column_text] Objetivo: Links Patrocinados \u00e9 um tipo de publicidade online para quem busca anunciar oferecendo um link para o usu\u00e1rio. Isso possibilita a realiza\u00e7\u00e3o de determinadas a\u00e7\u00f5es no link de[&#8230;]","protected":false},"author":1,"featured_media":0,"parent":0,"menu_order":0,"comment_status":"closed","ping_status":"closed","template":"","meta":{"footnotes":""},"class_list":["post-1741","page","type-page","status-publish","hentry"],"_links":{"self":[{"href":"https:\/\/agencialebrun.com.br\/index.php?rest_route=\/wp\/v2\/pages\/1741","targetHints":{"allow":["GET"]}}],"collection":[{"href":"https:\/\/agencialebrun.com.br\/index.php?rest_route=\/wp\/v2\/pages"}],"about":[{"href":"https:\/\/agencialebrun.com.br\/index.php?rest_route=\/wp\/v2\/types\/page"}],"author":[{"embeddable":true,"href":"https:\/\/agencialebrun.com.br\/index.php?rest_route=\/wp\/v2\/users\/1"}],"replies":[{"embeddable":true,"href":"https:\/\/agencialebrun.com.br\/index.php?rest_route=%2Fwp%2Fv2%2Fcomments&post=1741"}],"version-history":[{"count":4,"href":"https:\/\/agencialebrun.com.br\/index.php?rest_route=\/wp\/v2\/pages\/1741\/revisions"}],"predecessor-version":[{"id":1747,"href":"https:\/\/agencialebrun.com.br\/index.php?rest_route=\/wp\/v2\/pages\/1741\/revisions\/1747"}],"wp:attachment":[{"href":"https:\/\/agencialebrun.com.br\/index.php?rest_route=%2Fwp%2Fv2%2Fmedia&parent=1741"}],"curies":[{"name":"wp","href":"https:\/\/api.w.org\/{rel}","templated":true}]}}