{"id":1729,"date":"2019-01-25T22:50:34","date_gmt":"2019-01-26T00:50:34","guid":{"rendered":"http:\/\/www.agencialebrun.com.br\/?page_id=1729"},"modified":"2019-01-25T22:52:45","modified_gmt":"2019-01-26T00:52:45","slug":"planejamento-para-busca-organica-seo","status":"publish","type":"page","link":"https:\/\/agencialebrun.com.br\/?page_id=1729","title":{"rendered":"Planejamento Para<br>Busca Org\u00e2nica &#8211; SEO"},"content":{"rendered":"<div class=\"wpb-content-wrapper\"><p>[vc_row][vc_column][vc_column_text]<strong>Objetivo:<\/strong><\/p>\n<p>\u00c9 um servi\u00e7o que visa desenvolver um modelo de com\u00e9rcio e que utiliza como base plataformas eletr\u00f4nicas como computadores, smartphones, tablets, entre outras, para opera\u00e7\u00f5es de compra e\/ou venda de produtos e\/ou servi\u00e7os, realizadas por meio de ambiente virtual (internet). A consultoria objetiva:<\/p>\n<ol>\n<li>Desenvolver estrat\u00e9gias para conseguir maior audi\u00eancia para o site ou projeto digital.<\/li>\n<li>Permitir a otimiza\u00e7\u00e3o do site para que os usu\u00e1rios realizem com mais assertividade pesquisas de termos e palavras-chave na web.<\/li>\n<li>Aumentar a visibilidade de um website nas listagens de resultados de pesquisas.<\/li>\n<li>Melhorar o ranqueamento do site em motores de busca ex (google, bing).<\/li>\n<\/ol>\n<p>&nbsp;<\/p>\n<p><strong>Benef\u00edcios:<\/strong><\/p>\n<ol>\n<li>Melhorar o posicionamento em sites de busca atrav\u00e9s de palavras-chaves relevantes;<\/li>\n<li>Aumentar o tr\u00e1fego de visitas no site;<\/li>\n<li>Melhorar a convers\u00e3o de tr\u00e1fego de busca org\u00e2nica;<\/li>\n<li>Otimizar o carregamento do site;<\/li>\n<li>Atingir novos consumidores;<\/li>\n<li>Melhor posicionamento da marca do produto\/servi\u00e7o e sua reputa\u00e7\u00e3o online.<\/li>\n<\/ol>\n<p>[\/vc_column_text][\/vc_column][\/vc_row][vc_row][vc_column][vc_btn title=&#8221;Fale com um consultor agora&#8221; color=&#8221;warning&#8221; size=&#8221;lg&#8221; i_icon_fontawesome=&#8221;fa fa-comments-o&#8221; add_icon=&#8221;true&#8221; link=&#8221;url:http%3A%2F%2Fwww.agencialebrun.com.br%2Fcontato%2F|||&#8221;][\/vc_column][\/vc_row]<\/p>\n<\/div>","protected":false},"excerpt":{"rendered":"[vc_row][vc_column][vc_column_text]Objetivo: \u00c9 um servi\u00e7o que visa desenvolver um modelo de com\u00e9rcio e que utiliza como base plataformas eletr\u00f4nicas como computadores, smartphones, tablets, entre outras, para opera\u00e7\u00f5es de compra e\/ou venda[&#8230;]","protected":false},"author":1,"featured_media":0,"parent":0,"menu_order":0,"comment_status":"closed","ping_status":"closed","template":"","meta":{"footnotes":""},"class_list":["post-1729","page","type-page","status-publish","hentry"],"_links":{"self":[{"href":"https:\/\/agencialebrun.com.br\/index.php?rest_route=\/wp\/v2\/pages\/1729","targetHints":{"allow":["GET"]}}],"collection":[{"href":"https:\/\/agencialebrun.com.br\/index.php?rest_route=\/wp\/v2\/pages"}],"about":[{"href":"https:\/\/agencialebrun.com.br\/index.php?rest_route=\/wp\/v2\/types\/page"}],"author":[{"embeddable":true,"href":"https:\/\/agencialebrun.com.br\/index.php?rest_route=\/wp\/v2\/users\/1"}],"replies":[{"embeddable":true,"href":"https:\/\/agencialebrun.com.br\/index.php?rest_route=%2Fwp%2Fv2%2Fcomments&post=1729"}],"version-history":[{"count":2,"href":"https:\/\/agencialebrun.com.br\/index.php?rest_route=\/wp\/v2\/pages\/1729\/revisions"}],"predecessor-version":[{"id":1732,"href":"https:\/\/agencialebrun.com.br\/index.php?rest_route=\/wp\/v2\/pages\/1729\/revisions\/1732"}],"wp:attachment":[{"href":"https:\/\/agencialebrun.com.br\/index.php?rest_route=%2Fwp%2Fv2%2Fmedia&parent=1729"}],"curies":[{"name":"wp","href":"https:\/\/api.w.org\/{rel}","templated":true}]}}